{"id":91,"date":"2019-11-20T07:29:46","date_gmt":"2019-11-20T06:29:46","guid":{"rendered":"http:\/\/www.art-and-research.com\/?page_id=91"},"modified":"2019-11-22T10:27:31","modified_gmt":"2019-11-22T09:27:31","slug":"publikationen","status":"publish","type":"page","link":"http:\/\/www.art-and-research.com\/ueber-mich\/publikationen\/","title":{"rendered":"Publikationen"},"content":{"rendered":"\n<p><strong>MONOGRAPHIEN <\/strong><\/p>\n\n\n\n<p><a target=\"_blank\" href=\"https:\/\/www.academia.edu\/37607635\/Der_Meister_der_Apokalypsenrose_der_Sainte-Chapelle_und_die_Pariser_Buchkunst_um_1500\" rel=\"noopener noreferrer\">Die Apokalypsenrose der Sainte-Chapelle und die Pariser Buchkunst um 1500<\/a>, Turnhout 2004.<\/p>\n\n\n\n<p>Philippe de Mazerolles &#8211; Ein unbekanntes Stundenbuch aus\nBr\u00fcgge, in Zusammenarbeit mit Mara Hofmann, 144 Seiten, 89 Farbabb, Ramsen\n2004.<\/p>\n\n\n\n<p><a target=\"_blank\" href=\"https:\/\/www.hirmerverlag.de\/de\/titel-1-1\/j_aime_tant_fort_une-1348\/\" rel=\"noopener noreferrer\"><em>J&#8217;aime tant fort une \u2013 Das Stundenbuch des\nK\u00f6nigs Charles VIII<\/em><\/a>. M\u00fcnchen 2016. <\/p>\n\n\n\n<p><a target=\"_blank\" href=\"https:\/\/www.kolumba.de\/?language=ger&amp;cat_select=1&amp;category=13&amp;artikle=671\" rel=\"noopener noreferrer\"><em>Das Hearst Stundenbuch<\/em><\/a>. Kolumba \u2013 Sammlung Renate K\u00f6nig VIII, in Zusammenarbeit mit Caroline Z\u00f6hl, K\u00f6ln 2016. <\/p>\n\n\n\n<p><strong>KATALOGE <\/strong><\/p>\n\n\n\n<p><em>Horae B.M.V. \u2013 158\ngedruckte Stundenb\u00fccher der Sammlung Biberm\u00fchle<\/em>. 1490-1555. Mit Caroline Z\u00f6hl, 3 Bde., Ramsen\n2003. <\/p>\n\n\n\n<p><em>Erleuchtete Stunden<\/em>.\nAusstellungskatalog Museum f\u00fcr Angewandte Kunst, Frankfurt am Main, Ramsen\n2005. <\/p>\n\n\n\n<p><em>Horae B.M.V., Teil II\n\u2013 365 gedruckte Stundenb\u00fccher der Sammlung Biberm\u00fchle<\/em>. 1487-1607. Mit\nCaroline Z\u00f6hl, 6 Bde., Ramsen 2014. <\/p>\n\n\n\n<p><a target=\"_blank\" href=\"https:\/\/www.academia.edu\/40699626\/Catalogue_12_Early_Printed_Bibles\" rel=\"noopener noreferrer\"><em>Early Printed Bibles<\/em><\/a><em> 1454-1590<\/em>. Katalog 12. Mit Marion Hanke. Dr.\nJ\u00f6rn G\u00fcnther Rare Books, Basel 2016. <\/p>\n\n\n\n<p><a target=\"_blank\" href=\"https:\/\/www.academia.edu\/40687416\/Catalogue_13_Heroes_and_Heroines\" rel=\"noopener noreferrer\"><em>Heroes and Heroines<\/em><\/a><em>. \u201eVolksb\u00fccher\u201c \u2013 Prose Novels in\nLate Medieval Society<\/em>.\nKatalog 13. Mit Marion Hanke. Dr. J\u00f6rn G\u00fcnther Rare Books, Basel 2017.<\/p>\n\n\n\n<p><a target=\"_blank\" href=\"https:\/\/guenther-rarebooks.com\/publications\/10\/\" rel=\"noopener noreferrer\"><em>Celebrating the Past \u2013 Sixty Medieval Manuscripts<\/em><\/a>. Katalog 14. Mit Helen\nW\u00fcstefeld. Dr. J\u00f6rn G\u00fcnther Rare Books, Basel 2018.<\/p>\n\n\n\n<p><a target=\"_blank\" href=\"https:\/\/guenther-rarebooks.com\/publications\/11\/\" rel=\"noopener noreferrer\"><em>Perspectives. A Special Collection of Artists\u2019 Manuals<\/em><\/a><em> on Perspective and Human Proportion<\/em>. Katalog n.n. Mit Marion Hanke. Dr.\nJ\u00f6rn G\u00fcnther, Basel 2019.<\/p>\n\n\n\n<p><strong>AUFS\u00c4TZE UND ARTIKEL <\/strong><\/p>\n\n\n\n<p>\u201eDie gedruckten Stundenb\u00fccher der Sammlung Biberm\u00fchle.\nGraphik, Illumination und Einbandkunst in Frankreich um 1500\u201c. In: <em>Einbandforschung<\/em>,\nHeft 11, Oktober 2002, S. 64-66. <\/p>\n\n\n\n<p>\u201eDas Gothaer Stundenbuch &#8211; Eine Neuerwerbung der\nForschungsbibliothek Gotha\u201c. In: <em>Patrimonia<\/em>\n2007, Ver\u00f6ffentlichungen der Kulturstiftung der L\u00e4nder. <\/p>\n\n\n\n<p>\u201eKostbare sp\u00e4tmittelalterliche Bildgeschichten. Die Sammlung\ngedruckter Stundenb\u00fccher im Antiquariat Biberm\u00fchle\u201c. In: <em>Schaffhauser Nachrichten<\/em>, 24.12.2003.<\/p>\n\n\n\n<p>\u201eBegegnung mit der Welt wie im tiefsten Traum. Der K\u00fcnstler\nTom Leonhardt im Kunstmuseum Engen\u201c. In: <em>Schaffhauser\nNachrichten<\/em>, 25.6.2011.<\/p>\n\n\n\n<p>\u201eGemalte Wortbilder. Zum 100. Geburtstag des\nHesse-Illustrators Gunter B\u00f6hmer\u201c. In: <em>S\u00fcdkurier\nKonstanz<\/em>, 4.8.2011 <\/p>\n\n\n\n<p>\u201eGest\u00f6rte Bildst\u00f6rungen, zur Ausstellung von Ottmar H\u00f6rl im\nKunstmuseum Engen\u201c. In: <em>S\u00fcdkurier\nKonstanz<\/em>, 09.9.2011. <\/p>\n\n\n\n<p>\u201eGegensatz und Gleichklang. Uwe Lindau und Walter Pokorny im\nSchloss Randegg\u201c. In: <em>S\u00fcdkurier Konstanz<\/em>,\n21.9.2011. <\/p>\n\n\n\n<p>\u201eAugenblicke des Erkennens, zur Ausstellung\nAugenblicksfotografien im Schaffhauser Allerheiligenmuseum\u201c. In: <em>S\u00fcdkurier Konstanz<\/em>, 27.12.2011 <\/p>\n\n\n\n<p>\u201eDer Charme des T\u00e4nzers, Hans Schnells Ausstellung im Schloss\nRandegg\u201c. In. <em>S\u00fcdkurier Konstanz<\/em>,\n18.4.2012 <\/p>\n\n\n\n<p>\u201eKleine Documenta. Die \u201eExperimentelle\u201c Kunstschau am\nBodensee\u201c. In: <em>S\u00fcdkurier Konstanz<\/em>,\n1.8.2012 <\/p>\n\n\n\n<p>\u201eVom Ja-Sagen zur Welt \u2013 Retrospektive des K\u00fcnstlers Tom\nLeonhardt im Kunstmuseum Singen.\u201c In: <em>S\u00fcdkurier\nKonstanz<\/em>, 22.10.2012 <\/p>\n\n\n\n<p>\u201eDer Co\u00ebtivy Meister\u201c. In: <em>Allgemeines K\u00fcnstlerlexikon<\/em>, Bd. 88, M\u00fcnchen 2016.<\/p>\n\n\n\n<p>\u201eDer Meister der Apokalypsenrose der Sainte-Chapelle\u201c. In: <em>Allgemeines K\u00fcnstlerlexikon<\/em>, Bd. 88,\nM\u00fcnchen 2016.<\/p>\n\n\n\n<p>\u201eDer Meister des Charles VIII\u201c. In: <em>Allgemeines K\u00fcnstlerlexikon<\/em>, Bd. 88, M\u00fcnchen 2016.<\/p>\n\n\n\n<p>\u201eDer Meister des Dreux Bud\u00e9\u201c. In: <em>Allgemeines K\u00fcnstlerlexikon<\/em>, Bd. 88, M\u00fcnchen 2016.<\/p>\n\n\n\n<p>\u201eDer Meister des\nJacques de Besan\u00e7on\u201c. In: <em>Allgemeines\nK\u00fcnstlerlexikon<\/em>, Bd. 88, M\u00fcnchen 2016.<\/p>\n\n\n\n<p>\u201eDer Meister des Robert Gaguin\u201c. In: <em>Allgemeines K\u00fcnstlerlexikon<\/em>, Bd. 88, M\u00fcnchen 2016.<\/p>\n\n\n\n<p>\u201eDer Meister der Trait\u00e9s th\u00e9ologiques\u201c. In: <em>Allgemeines K\u00fcnstlerlexikon<\/em>, Bd. 88,\nM\u00fcnchen 2016.<\/p>\n\n\n\n<p><strong>REZENSIONEN <\/strong><\/p>\n\n\n\n<p>\u201eSabine H\u00e4u\u00dfermann, Die Bamberger Pfisterdrucke: Fr\u00fche\nInkunabelillustration und Medienwandel, Berlin 2008\u201c. In: <em>Kunstchronik<\/em>, Jg. 62, Heft 9\/10, 2009, S. 478-483.<\/p>\n","protected":false},"excerpt":{"rendered":"<p>MONOGRAPHIEN Die Apokalypsenrose der Sainte-Chapelle und die Pariser Buchkunst um 1500, Turnhout 2004. Philippe de Mazerolles &#8211; Ein unbekanntes Stundenbuch aus Br\u00fcgge, in Zusammenarbeit mit Mara Hofmann, 144 Seiten, 89 Farbabb, Ramsen 2004. J&#8217;aime tant fort une \u2013 Das Stundenbuch des K\u00f6nigs Charles VIII. M\u00fcnchen 2016. Das Hearst Stundenbuch. Kolumba \u2013 Sammlung Renate K\u00f6nig VIII,<\/p>\n<div><a class=\"btn-filled btn\" href=\"http:\/\/www.art-and-research.com\/ueber-mich\/publikationen\/\" title=\"Publikationen\">Weiterlesen<\/a><\/div>\n","protected":false},"author":1,"featured_media":0,"parent":0,"menu_order":0,"comment_status":"closed","ping_status":"closed","template":"","meta":[],"_links":{"self":[{"href":"http:\/\/www.art-and-research.com\/ueber-mich\/wp-json\/wp\/v2\/pages\/91"}],"collection":[{"href":"http:\/\/www.art-and-research.com\/ueber-mich\/wp-json\/wp\/v2\/pages"}],"about":[{"href":"http:\/\/www.art-and-research.com\/ueber-mich\/wp-json\/wp\/v2\/types\/page"}],"author":[{"embeddable":true,"href":"http:\/\/www.art-and-research.com\/ueber-mich\/wp-json\/wp\/v2\/users\/1"}],"replies":[{"embeddable":true,"href":"http:\/\/www.art-and-research.com\/ueber-mich\/wp-json\/wp\/v2\/comments?post=91"}],"version-history":[{"count":7,"href":"http:\/\/www.art-and-research.com\/ueber-mich\/wp-json\/wp\/v2\/pages\/91\/revisions"}],"predecessor-version":[{"id":381,"href":"http:\/\/www.art-and-research.com\/ueber-mich\/wp-json\/wp\/v2\/pages\/91\/revisions\/381"}],"wp:attachment":[{"href":"http:\/\/www.art-and-research.com\/ueber-mich\/wp-json\/wp\/v2\/media?parent=91"}],"curies":[{"name":"wp","href":"https:\/\/api.w.org\/{rel}","templated":true}]}}